{"id":22,"date":"2023-01-26T11:53:21","date_gmt":"2023-01-26T02:53:21","guid":{"rendered":"https:\/\/www.ufokai.com\/?page_id=22"},"modified":"2023-07-25T08:58:52","modified_gmt":"2023-07-24T23:58:52","slug":"%e3%83%a1%e3%83%bc%e3%83%ab%e3%83%a1%e3%83%83%e3%82%bb%e3%83%bc%e3%82%b8%e3%82%b5%e3%83%bc%e3%83%93%e3%82%b9%e3%83%bb%e3%81%8a%e7%94%b3%e8%be%bc%e3%81%bf%e3%83%95%e3%82%a9%e3%83%bc%e3%83%a0","status":"publish","type":"page","link":"https:\/\/www.ufokai.com\/?page_id=22","title":{"rendered":"\u30e1\u30fc\u30eb\u30e1\u30c3\u30bb\u30fc\u30b8\u30b5\u30fc\u30d3\u30b9\u30fb\u304a\u7533\u8fbc\u307f\u30d5\u30a9\u30fc\u30e0"},"content":{"rendered":"\n<p>\u3053\u3061\u3089\u306e\u5c02\u7528\u30d5\u30a9\u30fc\u30e0\u306b\u5165\u529b\u3044\u305f\u3060\u3044\u305f\u5185\u5bb9\u3092\u3001\u5370\u5237\u3057\u3066\u5165\u5c45\u8005\u69d8\u3078\u304a\u6e21\u3057\u3059\u308b\u30b5\u30fc\u30d3\u30b9\u3067\u3059\u3002<br>\u5fc5\u8981\u4e8b\u9805\u3092\u5165\u529b\u306e\u4e0a\u3001\u9001\u4fe1\u30dc\u30bf\u30f3\u3092\u62bc\u3057\u3066\u304f\u3060\u3055\u3044\u3002<br>\uff08<span class=\"swl-inline-color has-swl-deep-01-color\">\u3010\u203b\u5fc5\u9808\u3011<\/span>\u3068\u306a\u3063\u3066\u3044\u308b\u90e8\u5206\u306f\u5fc5\u305a\u3054\u5165\u529b\u304f\u3060\u3055\u3044\u3002\uff09<\/p>\n\n\n\n<div style=\"height:20px\" aria-hidden=\"true\" class=\"wp-block-spacer\"><\/div>\n\n\n\n<div class=\"wp-block-columns\">\n<div class=\"wp-block-column\">\n<figure class=\"wp-block-image size-full u-lb-on\"><img decoding=\"async\" width=\"842\" height=\"595\" src=\"https:\/\/www.ufokai.com\/wp-content\/uploads\/2023\/02\/b1c8c6fa4366e9daca77436e898afb26.jpg\" alt=\"\" class=\"wp-image-542\" srcset=\"https:\/\/www.ufokai.com\/wp-content\/uploads\/2023\/02\/b1c8c6fa4366e9daca77436e898afb26.jpg 842w, https:\/\/www.ufokai.com\/wp-content\/uploads\/2023\/02\/b1c8c6fa4366e9daca77436e898afb26-300x212.jpg 300w, https:\/\/www.ufokai.com\/wp-content\/uploads\/2023\/02\/b1c8c6fa4366e9daca77436e898afb26-768x543.jpg 768w\" sizes=\"(max-width: 842px) 100vw, 842px\" \/><figcaption class=\"wp-element-caption\"><span class=\"swl-fz u-fz-l\"><strong>\u30c7\u30b6\u30a4\u30f3\u30fb\u6625<\/strong><\/span><\/figcaption><\/figure>\n<\/div>\n\n\n\n<div class=\"wp-block-column\">\n<figure class=\"wp-block-image size-full u-lb-on\"><img decoding=\"async\" width=\"842\" height=\"595\" src=\"https:\/\/www.ufokai.com\/wp-content\/uploads\/2023\/02\/df90570f4eea190092ea4a9717240133.jpg\" alt=\"\" class=\"wp-image-540\" srcset=\"https:\/\/www.ufokai.com\/wp-content\/uploads\/2023\/02\/df90570f4eea190092ea4a9717240133.jpg 842w, https:\/\/www.ufokai.com\/wp-content\/uploads\/2023\/02\/df90570f4eea190092ea4a9717240133-300x212.jpg 300w, https:\/\/www.ufokai.com\/wp-content\/uploads\/2023\/02\/df90570f4eea190092ea4a9717240133-768x543.jpg 768w\" sizes=\"(max-width: 842px) 100vw, 842px\" \/><figcaption class=\"wp-element-caption\"><strong><span class=\"swl-fz u-fz-l\">\u30c7\u30b6\u30a4\u30f3<\/span><\/strong><span class=\"swl-fz u-fz-l\"><strong>\u30fb\u590f<\/strong><\/span><\/figcaption><\/figure>\n<\/div>\n<\/div>\n\n\n\n<div class=\"wp-block-columns\">\n<div class=\"wp-block-column\">\n<figure class=\"wp-block-image size-full u-lb-on\"><img decoding=\"async\" width=\"842\" height=\"595\" src=\"https:\/\/www.ufokai.com\/wp-content\/uploads\/2023\/02\/594103a02d5baa0d40dbeaccaaca6d10.jpg\" alt=\"\" class=\"wp-image-541\" srcset=\"https:\/\/www.ufokai.com\/wp-content\/uploads\/2023\/02\/594103a02d5baa0d40dbeaccaaca6d10.jpg 842w, https:\/\/www.ufokai.com\/wp-content\/uploads\/2023\/02\/594103a02d5baa0d40dbeaccaaca6d10-300x212.jpg 300w, https:\/\/www.ufokai.com\/wp-content\/uploads\/2023\/02\/594103a02d5baa0d40dbeaccaaca6d10-768x543.jpg 768w\" sizes=\"(max-width: 842px) 100vw, 842px\" \/><figcaption class=\"wp-element-caption\"><span class=\"swl-fz u-fz-l\"><strong>\u30c7\u30b6\u30a4\u30f3\u30fb\u79cb<\/strong><\/span><\/figcaption><\/figure>\n<\/div>\n\n\n\n<div class=\"wp-block-column\">\n<figure class=\"wp-block-image size-full u-lb-on\"><img decoding=\"async\" width=\"842\" height=\"595\" src=\"https:\/\/www.ufokai.com\/wp-content\/uploads\/2023\/02\/f8d755b7467f50a73bf2a33193e914c3.jpg\" alt=\"\" class=\"wp-image-543\" srcset=\"https:\/\/www.ufokai.com\/wp-content\/uploads\/2023\/02\/f8d755b7467f50a73bf2a33193e914c3.jpg 842w, https:\/\/www.ufokai.com\/wp-content\/uploads\/2023\/02\/f8d755b7467f50a73bf2a33193e914c3-300x212.jpg 300w, https:\/\/www.ufokai.com\/wp-content\/uploads\/2023\/02\/f8d755b7467f50a73bf2a33193e914c3-768x543.jpg 768w\" sizes=\"(max-width: 842px) 100vw, 842px\" \/><figcaption class=\"wp-element-caption\"><strong><span class=\"swl-fz u-fz-l\">\u30c7\u30b6\u30a4\u30f3<\/span><\/strong><span class=\"swl-fz u-fz-l\"><strong>\u30fb\u51ac<\/strong><\/span><\/figcaption><\/figure>\n<\/div>\n<\/div>\n\n\n\n<div style=\"height:30px\" aria-hidden=\"true\" class=\"wp-block-spacer\"><\/div>\n\n\n\n<p class=\"has-text-align-center\">\u3010\u304a\u3057\u3089\u305b\u3011<\/p>\n\n\n\n<p>PDF\u30d5\u30a1\u30a4\u30eb\u3067\u30e1\u30c3\u30bb\u30fc\u30b8\u3092\u6295\u7a3f\u3067\u304d\u308b\u6a5f\u80fd\u3092\u8ffd\u52a0\u3044\u305f\u3057\u307e\u3057\u305f\u30021MB\u307e\u3067\u306ePDF\u30d5\u30a1\u30a4\u30eb\u3092\u6dfb\u4ed8\u3059\u308b\u3053\u3068\u304c\u53ef\u80fd\u3067\u3059\u3002PDF\u3067\u6295\u7a3f\u3059\u308b\u5834\u5408\u306f\u3001\u30e1\u30c3\u30bb\u30fc\u30b8\u672c\u6587\u306b\u300cPDF\u3092\u53c2\u7167\u300d\u3068\u8a18\u8f09\u304f\u3060\u3055\u3044\u3002<\/p>\n\n\n\n<div class=\"wp-block-contact-form-7-contact-form-selector\">\n<div class=\"wpcf7 no-js\" id=\"wpcf7-f388-o1\" lang=\"ja\" dir=\"ltr\" data-wpcf7-id=\"388\">\n<div class=\"screen-reader-response\"><p role=\"status\" aria-live=\"polite\" aria-atomic=\"true\"><\/p> <ul><\/ul><\/div>\n<form action=\"\/index.php?rest_route=%2Fwp%2Fv2%2Fpages%2F22#wpcf7-f388-o1\" method=\"post\" class=\"wpcf7-form init\" aria-label=\"\u30b3\u30f3\u30bf\u30af\u30c8\u30d5\u30a9\u30fc\u30e0\" enctype=\"multipart\/form-data\" novalidate=\"novalidate\" data-status=\"init\">\n<fieldset class=\"hidden-fields-container\"><input type=\"hidden\" name=\"_wpcf7\" value=\"388\" \/><input type=\"hidden\" name=\"_wpcf7_version\" value=\"6.1\" \/><input type=\"hidden\" name=\"_wpcf7_locale\" value=\"ja\" \/><input type=\"hidden\" name=\"_wpcf7_unit_tag\" value=\"wpcf7-f388-o1\" \/><input type=\"hidden\" name=\"_wpcf7_container_post\" value=\"0\" \/><input type=\"hidden\" name=\"_wpcf7_posted_data_hash\" value=\"\" \/><input type=\"hidden\" name=\"_wpcf7_recaptcha_response\" value=\"\" \/>\n<\/fieldset>\n<table class=\"CF7_table\">\n\t<tr>\n\t\t<th>\n\t\t\t<p><span class=\"CF7_req\">\u5fc5\u9808<\/span> \u304a\u540d\u524d\n\t\t\t<\/p>\n\t\t<\/th>\n\t\t<td>\n\t\t\t<p><span class=\"wpcf7-form-control-wrap\" data-name=\"your-name\"><input size=\"40\" maxlength=\"400\" class=\"wpcf7-form-control wpcf7-text wpcf7-validates-as-required\" aria-required=\"true\" aria-invalid=\"false\" placeholder=\"\u4f8b\uff1a\u3042\u306a\u305f\u306e\u304a\u540d\u524d\" value=\"\" type=\"text\" name=\"your-name\" \/><\/span>\n\t\t\t<\/p>\n\t\t<\/td>\n\t<\/tr>\n\t<tr>\n\t\t<th>\n\t\t\t<p><span class=\"CF7_req\">\u5fc5\u9808<\/span> \u5165\u5c45\u8005\u69d8\u306e\u304a\u540d\u524d\n\t\t\t<\/p>\n\t\t<\/th>\n\t\t<td>\n\t\t\t<p><span class=\"wpcf7-form-control-wrap\" data-name=\"nyukyo-name\"><input size=\"40\" maxlength=\"400\" class=\"wpcf7-form-control wpcf7-text wpcf7-validates-as-required\" aria-required=\"true\" aria-invalid=\"false\" placeholder=\"\u4f8b\uff1a\u5b9b\u5148\u306e\u5165\u5c45\u8005\u69d8\u306e\u304a\u540d\u524d\" value=\"\" type=\"text\" name=\"nyukyo-name\" \/><\/span>\n\t\t\t<\/p>\n\t\t<\/td>\n\t<\/tr>\n\t<tr>\n\t\t<th>\n\t\t\t<p><span class=\"CF7_req\">\u5fc5\u9808<\/span> \u30e1\u30fc\u30eb\u30a2\u30c9\u30ec\u30b9\n\t\t\t<\/p>\n\t\t<\/th>\n\t\t<td>\n\t\t\t<p><span class=\"wpcf7-form-control-wrap\" data-name=\"your-email\"><input size=\"40\" maxlength=\"400\" class=\"wpcf7-form-control wpcf7-email wpcf7-validates-as-required wpcf7-text wpcf7-validates-as-email\" aria-required=\"true\" aria-invalid=\"false\" placeholder=\"\u4f8b\uff1a\u00d7\u00d7\u00d7@\u00d7\u00d7\u00d7.com\" value=\"\" type=\"email\" name=\"your-email\" \/><\/span>\n\t\t\t<\/p>\n\t\t<\/td>\n\t<\/tr>\n\t<tr>\n\t\t<th>\n\t\t\t<p><span class=\"CF7_req\">\u5fc5\u9808<\/span>\u90f5\u4fbf\u756a\u53f7\n\t\t\t<\/p>\n\t\t<\/th>\n\t\t<td>\n\t\t\t<p><span class=\"wpcf7-form-control-wrap\" data-name=\"zip\"><input size=\"40\" maxlength=\"400\" class=\"wpcf7-form-control wpcf7-text wpcf7-validates-as-required\" id=\"zip\" aria-required=\"true\" aria-invalid=\"false\" placeholder=\"\u4f8b\uff1a123-4567\" value=\"\" type=\"text\" name=\"zip\" \/><\/span>\n\t\t\t<\/p>\n\t\t<\/td>\n\t<\/tr>\n\t<tr>\n\t\t<th>\n\t\t\t<p><span class=\"CF7_req\">\u5fc5\u9808<\/span>\u90fd\u9053\u5e9c\u770c\n\t\t\t<\/p>\n\t\t<\/th>\n\t\t<td>\n\t\t\t<p><span class=\"wpcf7-form-control-wrap\" data-name=\"pref\"><input size=\"40\" maxlength=\"400\" class=\"wpcf7-form-control wpcf7-text wpcf7-validates-as-required\" id=\"pref\" aria-required=\"true\" aria-invalid=\"false\" placeholder=\"\u4f8b\uff1a\u6771\u4eac\u90fd\" value=\"\" type=\"text\" name=\"pref\" \/><\/span>\n\t\t\t<\/p>\n\t\t<\/td>\n\t<\/tr>\n\t<tr>\n\t\t<th>\n\t\t\t<p><span class=\"CF7_req\">\u5fc5\u9808<\/span>\u3054\u4f4f\u6240\n\t\t\t<\/p>\n\t\t<\/th>\n\t\t<td class=\"address-100\">\n\t\t\t<p><span class=\"wpcf7-form-control-wrap\" data-name=\"addr\"><input size=\"40\" maxlength=\"400\" class=\"wpcf7-form-control wpcf7-text wpcf7-validates-as-required\" id=\"addr\" aria-required=\"true\" aria-invalid=\"false\" placeholder=\"\u4f8b\uff1a\u4e2d\u592e\u533a\u9280\u5ea7\uff11\uff12\uff13\uff14\uff15\" value=\"\" type=\"text\" name=\"addr\" \/><\/span>\n\t\t\t<\/p>\n\t\t<\/td>\n\t<\/tr>\n\t<tr>\n\t\t<th>\n\t\t\t<p><span class=\"CF7_req\">\u5fc5\u9808<\/span>\u304a\u96fb\u8a71\u756a\u53f7\n\t\t\t<\/p>\n\t\t<\/th>\n\t\t<td>\n\t\t\t<p><span class=\"wpcf7-form-control-wrap\" data-name=\"your-tel\"><input size=\"40\" maxlength=\"400\" class=\"wpcf7-form-control wpcf7-text wpcf7-validates-as-required\" aria-required=\"true\" aria-invalid=\"false\" placeholder=\"\u4f8b\uff1a03-1234-5678\" value=\"\" type=\"text\" name=\"your-tel\" \/><\/span>\n\t\t\t<\/p>\n\t\t<\/td>\n\t<\/tr>\n\t<tr>\n\t\t<th>\n\t\t\t<p>\u30c7\u30b6\u30a4\u30f3\u3092\u9078\u629e\u3059\u308b\n\t\t\t<\/p>\n\t\t<\/th>\n\t\t<td>\n\t\t\t<p><span class=\"wpcf7-form-control-wrap\" data-name=\"ltdesign\"><span class=\"wpcf7-form-control wpcf7-radio\"><span class=\"wpcf7-list-item first\"><label><input type=\"radio\" name=\"ltdesign\" value=\"\u30c7\u30b6\u30a4\u30f3\u30fb\u6625\" checked=\"checked\" \/><span class=\"wpcf7-list-item-label\">\u30c7\u30b6\u30a4\u30f3\u30fb\u6625<\/span><\/label><\/span><span class=\"wpcf7-list-item\"><label><input type=\"radio\" name=\"ltdesign\" value=\"\u30c7\u30b6\u30a4\u30f3\u30fb\u590f\" \/><span class=\"wpcf7-list-item-label\">\u30c7\u30b6\u30a4\u30f3\u30fb\u590f<\/span><\/label><\/span><span class=\"wpcf7-list-item\"><label><input type=\"radio\" name=\"ltdesign\" value=\"\u30c7\u30b6\u30a4\u30f3\u30fb\u79cb\" \/><span class=\"wpcf7-list-item-label\">\u30c7\u30b6\u30a4\u30f3\u30fb\u79cb<\/span><\/label><\/span><span class=\"wpcf7-list-item last\"><label><input type=\"radio\" name=\"ltdesign\" value=\"\u30c7\u30b6\u30a4\u30f3\u30fb\u51ac\" \/><span class=\"wpcf7-list-item-label\">\u30c7\u30b6\u30a4\u30f3\u30fb\u51ac<\/span><\/label><\/span><\/span><\/span>\n\t\t\t<\/p>\n\t\t<\/td>\n\t<\/tr>\n\t<tr>\n\t\t<th>\n\t\t\t<p>\u753b\u50cf\u30d5\u30a1\u30a4\u30eb\u6dfb\u4ed8\uff08\u30d5\u30a1\u30a4\u30eb\u30b5\u30a4\u30ba\u4e0a\u9650\uff1a5MB\u7a0b\u5ea6\uff09\n\t\t\t<\/p>\n\t\t<\/th>\n\t\t<td>\n\t\t\t<p><span class=\"wpcf7-form-control-wrap\" data-name=\"tenpu_file\"><input size=\"40\" class=\"wpcf7-form-control wpcf7-file\" accept=\".jpg\" aria-invalid=\"false\" type=\"file\" name=\"tenpu_file\" \/><\/span>\n\t\t\t<\/p>\n\t\t<\/td>\n\t<\/tr>\n\t<tr>\n\t\t<th>\n\t\t\t<p><span class=\"CF7_req\">\u5fc5\u9808<\/span>\u30e1\u30c3\u30bb\u30fc\u30b8\u672c\u6587(\u6700\u5927400\u5b57)\n\t\t\t<\/p>\n\t\t<\/th>\n\t\t<td class=\"message-100\">\n\t\t\t<p><span class=\"wpcf7-form-control-wrap\" data-name=\"your-message\"><textarea cols=\"40\" rows=\"10\" maxlength=\"400\" minlength=\"10\" class=\"wpcf7-form-control wpcf7-textarea wpcf7-validates-as-required\" aria-required=\"true\" aria-invalid=\"false\" placeholder=\"\u30e1\u30c3\u30bb\u30fc\u30b8\u306e\u5185\u5bb9\u3092\u3054\u8a18\u5165\u304f\u3060\u3055\u3044\u3002\uff08\u6700\u5927\uff14\uff10\uff10\u6587\u5b57\u307e\u3067\uff09PDF\u30d5\u30a1\u30a4\u30eb\u3067\u6dfb\u4ed8\u3059\u308b\u5834\u5408\u306f\u3001\u300cPDF\u3092\u53c2\u7167\u300d\u3068\u8a18\u5165\u304f\u3060\u3055\u3044\u3002\" name=\"your-message\"><\/textarea><\/span><br \/>\n\u6b8b\u308a\u6587\u5b57\u6570\uff1a<span class=\"wpcf7-character-count down\" data-target-name=\"your-message\" data-starting-value=\"400\" data-current-value=\"400\" data-maximum-value=\"400\" data-minimum-value=\"10\">400<\/span>\n\t\t\t<\/p>\n\t\t<\/td>\n\t<\/tr>\n\t<tr>\n\t\t<th>\n\t\t\t<p>\u30e1\u30c3\u30bb\u30fc\u30b8\u3092PDF\u30d5\u30a1\u30a4\u30eb\u3067\u6dfb\u4ed8\uff08\u30d5\u30a1\u30a4\u30eb\u30b5\u30a4\u30ba\u4e0a\u96501MB\u307e\u3067\u3002\u30e1\u30c3\u30bb\u30fc\u30b8\u3092PDF\u3067\u6dfb\u4ed8\u3059\u308b\u3053\u3068\u304c\u3067\u304d\u307e\u3059\u3002\uff09\n\t\t\t<\/p>\n\t\t<\/th>\n\t\t<td>\n\t\t\t<p><span class=\"wpcf7-form-control-wrap\" data-name=\"tenpu_file_pdf\"><input size=\"40\" class=\"wpcf7-form-control wpcf7-file\" accept=\".pdf\" aria-invalid=\"false\" type=\"file\" name=\"tenpu_file_pdf\" \/><\/span>\n\t\t\t<\/p>\n\t\t<\/td>\n\t<\/tr>\n<\/table>\n<p><span class=\"wpcf7-form-control-wrap\" data-name=\"acceptance-108\"><span class=\"wpcf7-form-control wpcf7-acceptance\"><span class=\"wpcf7-list-item\"><label><input type=\"checkbox\" name=\"acceptance-108\" value=\"1\" aria-invalid=\"false\" \/><span class=\"wpcf7-list-item-label\">\u6ce8\u610f\u4e8b\u9805\u3092\u78ba\u8a8d\u3057\u4e86\u627f\u3057\u307e\u3057\u305f\u3002\u307e\u305f\u3001\u4e0a\u8a18\u5185\u5bb9\u306b\u8aa4\u308a\u304c\u306a\u3044\u304b\u78ba\u8a8d\u3057\u307e\u3057\u305f\u3002<br>\uff08\u30c1\u30a7\u30c3\u30af\u5f8c\u3001\u9001\u4fe1\u3067\u304d\u308b\u3088\u3046\u306b\u306a\u308a\u307e\u3059\u3002\uff09<\/span><\/label><\/span><\/span><\/span>\n<\/p>\n<p class=\"CF7_btn\"><input class=\"wpcf7-form-control wpcf7-submit has-spinner\" type=\"submit\" value=\"\u9001\u4fe1\u3059\u308b\" \/>\n<\/p><div class=\"wpcf7-response-output\" aria-hidden=\"true\"><\/div>\n<\/form>\n<\/div>\n<\/div>\n\n\n\n<div style=\"height:30px\" aria-hidden=\"true\" class=\"wp-block-spacer\"><\/div>\n\n\n\n<p>\u3010\u6ce8\u610f\u4e8b\u9805\u3011<br>\u672c\u30b5\u30fc\u30d3\u30b9\u3092\u5229\u7528\u3059\u308b\u306b\u3042\u305f\u308a\u3001\u4ee5\u4e0b\u306e\u6ce8\u610f\u4e8b\u9805\u3092\u4e88\u3081\u3054\u4e86\u627f\u9802\u304d\u307e\u3059\u3088\u3046\u304a\u9858\u3044\u3044\u305f\u3057\u307e\u3059\u3002<\/p>\n\n\n\n<p>\u30fb\u5165\u5c45\u8005\u69d8\u306b\u95a2\u4fc2\u306e\u306a\u3044\u5185\u5bb9\u306e\u30e1\u30fc\u30eb<br>\u30fb\u5165\u529b\u5185\u5bb9\u306e\u4e0d\u5099\u306b\u3088\u308a\u3001\u3042\u3066\u5148\u3092\u7279\u5b9a\u3059\u308b\u3053\u3068\u304c\u51fa\u6765\u306a\u3044\u5834\u5408<br>\u30fb\u30e1\u30c3\u30bb\u30fc\u30b8\u306e\u5185\u5bb9\u304c\u653b\u6483\u7684\u307e\u305f\u306f\u4e0d\u9069\u5207\u306a\u5185\u5bb9\u3067\u3042\u308b\u3068\u5224\u65ad\u3055\u308c\u308b\u5834\u5408<br>\u30fb\u5165\u5c45\u8005\u69d8\u304c\u53d7\u3051\u53d6\u308a\u3092\u62d2\u5426\u3055\u308c\u305f\u5834\u5408<br>\u30fb\u5165\u5c45\u8005\u69d8\u304c\u9001\u4fe1\u8005\u306e\u65b9\u3092\u3054\u5b58\u3058\u306a\u3044\u5834\u5408<br>\u30fb\u5165\u5c45\u8005\u69d8\u304c\u65e2\u306b\u9000\u6240\u3055\u308c\u3066\u3044\u308b\u5834\u5408<\/p>\n\n\n\n<p>\u4ee5\u4e0a\u306e\u5834\u5408\u306f\u3001\u30e1\u30c3\u30bb\u30fc\u30b8\u3092\u5165\u5c45\u8005\u69d8\u306b\u304a\u5c4a\u3051\u3059\u308b\u3053\u3068\u304c\u3067\u304d\u307e\u305b\u3093\u3002<br>\u307e\u305f\u3001\u5b9f\u969b\u306b\u5c4a\u3044\u305f\u304b\u3069\u3046\u304b\u306e\u78ba\u8a8d\u306e\u304a\u554f\u5408\u305b\u306b\u306f\u304a\u7b54\u3048\u3067\u304d\u307e\u305b\u3093\u3002<\/p>\n\n\n\n<p>\u3053\u306e\u30b5\u30a4\u30c8\u306f reCAPTCHA \u3068 Google \u306b\u3088\u3063\u3066\u4fdd\u8b77\u3055\u308c\u3066\u3044\u307e\u3059\u3002 This site is protected by reCAPTCHA and the Google <br>\n    <a href=\"https:\/\/policies.google.com\/privacy\">\u30d7\u30e9\u30a4\u30d0\u30b7\u30fc\u30dd\u30ea\u30b7\u30fc<\/a>\u3068\n    <a href=\"https:\/\/policies.google.com\/terms\">\u5229\u7528\u898f\u7d04<\/a>\u306f\u3053\u3061\u3089\u3067\u3059\u3002.\n    <a href=\"https:\/\/policies.google.com\/privacy\">Privacy Policy<\/a> and\n    <a href=\"https:\/\/policies.google.com\/terms\">Terms of Service<\/a> apply.\n<\/p>\n","protected":false},"excerpt":{"rendered":"<p>\u3053\u3061\u3089\u306e\u5c02\u7528\u30d5\u30a9\u30fc\u30e0\u306b\u5165\u529b\u3044\u305f\u3060\u3044\u305f\u5185\u5bb9\u3092\u3001\u5370\u5237\u3057\u3066\u5165\u5c45\u8005\u69d8\u3078\u304a\u6e21\u3057\u3059\u308b\u30b5\u30fc\u30d3\u30b9\u3067\u3059\u3002\u5fc5\u8981\u4e8b\u9805\u3092\u5165\u529b\u306e\u4e0a\u3001\u9001\u4fe1\u30dc\u30bf\u30f3\u3092\u62bc\u3057\u3066\u304f\u3060\u3055\u3044\u3002\uff08\u3010\u203b\u5fc5\u9808\u3011\u3068\u306a\u3063\u3066\u3044\u308b\u90e8\u5206\u306f\u5fc5\u305a\u3054\u5165\u529b\u304f\u3060\u3055\u3044\u3002\uff09 \u3010\u304a\u3057\u3089\u305b\u3011 PDF\u30d5\u30a1\u30a4\u30eb\u3067\u30e1 [&hellip;]<\/p>\n","protected":false},"author":1,"featured_media":0,"parent":0,"menu_order":2,"comment_status":"closed","ping_status":"closed","template":"","meta":{"swell_btn_cv_data":"","footnotes":""},"class_list":["post-22","page","type-page","status-publish","hentry"],"_links":{"self":[{"href":"https:\/\/www.ufokai.com\/index.php?rest_route=\/wp\/v2\/pages\/22","targetHints":{"allow":["GET"]}}],"collection":[{"href":"https:\/\/www.ufokai.com\/index.php?rest_route=\/wp\/v2\/pages"}],"about":[{"href":"https:\/\/www.ufokai.com\/index.php?rest_route=\/wp\/v2\/types\/page"}],"author":[{"embeddable":true,"href":"https:\/\/www.ufokai.com\/index.php?rest_route=\/wp\/v2\/users\/1"}],"replies":[{"embeddable":true,"href":"https:\/\/www.ufokai.com\/index.php?rest_route=%2Fwp%2Fv2%2Fcomments&post=22"}],"version-history":[{"count":7,"href":"https:\/\/www.ufokai.com\/index.php?rest_route=\/wp\/v2\/pages\/22\/revisions"}],"predecessor-version":[{"id":595,"href":"https:\/\/www.ufokai.com\/index.php?rest_route=\/wp\/v2\/pages\/22\/revisions\/595"}],"wp:attachment":[{"href":"https:\/\/www.ufokai.com\/index.php?rest_route=%2Fwp%2Fv2%2Fmedia&parent=22"}],"curies":[{"name":"wp","href":"https:\/\/api.w.org\/{rel}","templated":true}]}}